5*s + 7. Let i be h(-7). Suppose -l + 92 + i = 0. Suppose l = 5*b - 498. Is 20 a factor of b?
False
Let f = -566 - -390. Let v = f - -350. Is 6 a factor of v?
True
Let a = -758 + 394. Let q = -99 - a. Is q a multiple of 11?
False
Let x(i) = -290*i**3 + i**2 - 20*i - 21. Let d = 36 + -37. Is 10 a factor of x(d)?
True
Let u = 8 - 22. Is 180/u*7/3*-28 a multiple of 40?
True
Let k be (-2)/6 - 136/(-12). Suppose 5*a = 4*a + 4*n + k, 3*n = -6. Suppose -p - a*c + 8 = -c, 51 = 3*p - 3*c. Is 14 a factor of p?
True
Suppose c = -10*w + 2786, -4*c + 11261 = 14*w - 13*w. Is 11 a factor of c?
True
Suppose 3*j + 5*b - 40 = 0, -7 - 8 = -3*b. Suppose 0 = l - j*l + 88. Is l a multiple of 2?
True
Is (-127689)/(-279) + (-13)/(-3) a multiple of 14?
True
Let m = -22317 + 24372. Is 49 a factor of m?
False
Let z be ((-36)/9)/(0 - (-2)/(-12)). Is 13 a factor of ((-16)/z)/((-1)/72)?
False
Let k be (1/(-2) + 2)/((-69)/(-1886)). Let r(v) = -5*v**2 + 4*v**2 + k - 20*v + 4*v. Does 10 divide r(-14)?
False
Suppose 326*t - 302*t - 38904 = 0. Does 5 divide t?
False
Let f(h) = -8*h + 136. Let y(p) = -p**2 + p + 20. Let x be y(-4). Is 8 a factor of f(x)?
True
Suppose -230*r + 229*r - 725 = 0. Let v = r + 1758. Does 27 divide v?
False
Let d = 23 - 16. Suppose -266 = -0*g + d*g. Let v = 17 - g. Does 12 divide v?
False
Let l(r) = 2*r**3 - r**2 - r. Suppose 4*k - 10 - 2 = 2*z, -z + 5*k = 15. Let q be l(z). Is 8 a factor of (-23*1)/(-1 + q)?
False
Is 14 a factor of (-13109 - (-4 + 6))*((-96)/(-56) - 2)?
False
Let z(d) = -34*d**3 + 6*d**2 - d - 29. Let o be z(-6). Suppose -o - 6053 = -18*a. Is 26 a factor of a?
False
Let d(f) = -f**3 + 12*f**2 + 15*f - 15. Let i be -14 + 11 - (1 - 33). Let s be -3 - (-3 - i)/2. Does 6 divide d(s)?
False
Let m(f) = -3*f**3 + 12*f**2 + 7*f + 4. Let u be m(-6). Suppose 2*b + u = 4*b. Is b a multiple of 10?
False
Let v(y) = -7*y - 1. Let u be v(-1). Suppose 62 = 4*k - u. Let b = 35 - k. Is b a multiple of 6?
True
Let z(b) = -b**2 + 9*b + 6. Let i be z(-10). Let g be i/115 - (-4)/(-10). Let d(n) = -95*n - 5. Does 20 divide d(g)?
False
Let o = -236 - -236. Suppose 0*c - 173 = -3*c - 2*j, 4*c - 2*j - 254 = o. Does 4 divide c?
False
Let j = -13101 - -13112. Let v(y) = 63*y**3 + 1. Let s be v(1). Let n = j + s. Does 15 divide n?
True
Let p(y) = 2*y + 39. Let t be (-2 + 11/4)*-24. Let i be p(t). Suppose -i*q + 77 = 5*m, -3*q + 2*m = -2*m - 41. Is 4 a factor of q?
False
Let y be (-32)/(-7) + 3/((-63)/12). Suppose y*c = 7*c - 3. Is 1/(c + 0) + 5*17 a multiple of 42?
False
Let w = 1927 - -1573. Is 140 a factor of w?
True
Let g(s) = -2*s**3 - 22*s**2 + 54*s - 10. Is g(-18) a multiple of 7?
False
Let c = -1095 - -1508. Does 7 divide c?
True
Let x = -96 - -96. Suppose -4*w - 1396 = -4*v, 2*v + 5*w - 378 - 334 = x. Is 39 a factor of v?
True
Let v(o) be the second derivative of -3*o**5/20 - 11*o**4/12 - 11*o**3/3 - 19*o. Let w(b) be the second derivative of v(b). Is 9 a factor of w(-3)?
False
Let g = 2466 + -2313. Is 19 a factor of g?
False
Suppose 2*j - 46*b + 43*b = 12, -4*j + 4*b = -16. Let z(n) = 13*n**2 + 3*n - 4. Let t be z(-4). Is 2 + j - t/(-8) a multiple of 26?
True
Let o(k) be the first derivative of 91*k**2 - 38*k + 49. Is 16 a factor of o(2)?
False
Let d = -1838 - -2929. Does 12 divide d - (-5)/20*4?
True
Let f be 2 - 0 - (-5 - -144). Let q = 1 - 5. Is ((-8)/(-5))/q + f/(-5) a multiple of 3?
True
Let m(q) = q**3 - q. Let s be m(1). Let u be 5*6/15 - -3. Suppose -3*j + s*j = l - 143, -j + 43 = u*l. Is 12 a factor of j?
True
Let w = -4369 - -4395. Does 3 divide w?
False
Let t be ((-1605)/(-5))/((-6)/4). Let d = -150 - t. Is d a multiple of 32?
True
Let x = 105 + -91. Suppose -1708 - 56 = -x*q. Does 21 divide q?
True
Let v(b) = 32*b - 36. Let q be v(0). Is 24 a factor of -3 + -1266*-3*(-4)/q?
False
Let k(f) = 63*f**2 + 4*f - 3. Let g(t) = -t**2 + 7*t - 11. Let y be g(4). Is k(y) even?
True
Let l be -404*-4*(-7)/(-112). Let t = l + -51. Is t a multiple of 2?
True
Let p(n) = 5*n + 29. Let b be p(14). Let w = -54 + b. Suppose -5*m = -415 - w. Is 23 a factor of m?
True
Let s be -152 + 1 + (0 - -2). Let x = s - -95. Let n = x + 78. Is n a multiple of 6?
True
Suppose 0 = -2*j - 3 + 25. Suppose -t + 23 = -j. Does 16 divide t?
False
Let b(w) = 4*w + 42. Let r be b(-12). Let n = -8 - r. Does 11 divide (-135)/n*(-12)/(-10)?
False
Suppose 6*g + 0*g = 5*g. Suppose g = -954*c + 952*c + 450. Is 45 a factor of c?
True
Let m(h) = -3*h - 99. Let p be m(-33). Is (1060/4)/(p/(-2) - -1) a multiple of 13?
False
Suppose 3*o - 12 = -3, 27044 = -5*v - 2*o. Is 64 a factor of (-3)/1 + v/(-5)?
False
Let f = 8362 + -5068. Suppose 13*g = -876 + f. Is g a multiple of 31?
True
Let r be (-2 - -5)*6892/12. Suppose t + 5*v - 339 = 10*v, -3*v = 5*t - r. Is 22 a factor of t?
False
Suppose -58*i + 63*i = -2380. Let g = i - -764. Suppose 0 = -3*t - 2*c + 5*c + g, -c + 192 = 2*t. Does 18 divide t?
False
Let s(x) = x**3 + 2*x**2 - 2*x + 8. Let u be s(7). Suppose 83*o + 5*v + u = 86*o, -o - v = -153. Is 6 a factor of o?
True
Suppose -z + 4*o - 184 = 0, 5*z + 496 = 2*z - 2*o. Is 1 - (z + (2 - 6)) a multiple of 46?
False
Let q(g) = 50*g**2 - 38*g - 164. Is q(-7) a multiple of 4?
True
Let a(o) = -2*o**2 - o**3 - 5 + 57*o - 50*o + 8. Is a(-6) a multiple of 7?
True
Let z(d) = d - 1. Let c be z(2). Let v(t) = 17*t - 71*t + 19*t + 32*t - 2 + 43*t. Is 38 a factor of v(c)?
True
Suppose 0 = 2*c + 3 + 3. Let b(a) = -7 + 7 + a**2 + 8 + 2*a. Does 11 divide b(c)?
True
Suppose 68871*m - 68857*m = 375200. Is m a multiple of 54?
False
Let z(b) = -4*b**3 + 12*b**2 - 10*b + 5. Let v(c) = -c**3 + c**2 - 2*c + 1. Let a(o) = -6*v(o) + 2*z(o). Is 68 a factor of a(8)?
True
Suppose 0 = -0*d - 3*d + 4*z + 2739, -4*d = -4*z - 3648. Let v = -635 + d. Suppose 5*n - v = -49. Is n a multiple of 15?
True
Let x(c) = 3*c + 2. Suppose -4*a = -20, -3*z - 4*a + 286 = 47. Let q = -58 + z. Is 16 a factor of x(q)?
False
Let a = 4 + -2. Let k = 714 - 674. Suppose 0*i = i - o - k, -a*i + o = -80. Is 22 a factor of i?
False
Let g = -59 - -31. Let z be (2 + 5)*1/(g/(-48)). Suppose -3*d + 417 + 9 = -5*t, z = 4*t. Is 24 a factor of d?
False
Is (-19)/(-5) - 27009990/(-1575) a multiple of 85?
False
Let x(r) = -14*r - 72. Does 46 divide x(-15)?
True
Suppose s - 3*s + 5426 = h, -h = -5*s + 13551. Is s a multiple of 14?
False
Let x(l) = -4*l**3 - 10*l**2 - 89. Is 85 a factor of x(-10)?
False
Let h(q) = q**2 + 164*q + 204. Is 33 a factor of h(51)?
False
Let k = 20508 + -9168. Is k a multiple of 18?
True
Let c(k) be the third derivative of k**5/15 + 9*k**4/8 + 15*k**3 - 29*k**2. Is 10 a factor of c(-8)?
True
Let m be 3/(-6)*-32*2. Let o = -27 + m. Suppose 0 = w - 4*c + 3*c - 23, o*w - 4*c = 111. Does 8 divide w?
False
Let p = 261 - -551. Let l = p + -241. Does 65 divide l?
False
Suppose 4*j + j + 27 = r, 0 = -3*j + 15. Let h be (-6)/(-39) - (-564)/r. Let g = 130 + h. Is g a multiple of 13?
False
Let t(l) = -l**2 + 15*l + 2. Let r be t(15). Suppose 3*f = -c - r*f - 1268, -3*f + 1252 = -c. Is 30 a factor of 18/14 + -1 - c/7?
True
Let c = -213 - -224. Suppose 8*d + 468 = 3*t + c*d, 5*t + d = 784. Is 3 a factor of t?
False
Suppose 3*m + 5*z = -10, -5*m + 2 = z - 2*z. Suppose 794 = t + 3*s, -t - 4*t + 2*s + 3987 = m. Suppose -8*a = -t - 115. Does 14 divide a?
False
Let d(l) = l**2 - 7*l - 60. Let j be d(12). Is 14 a factor of 104 + -3 - 1*(1 + j)?
False
Let s = 151 - 148. Does 20 divide ((-20)/6 - (-1)/s) + 303?
True
Let q(g) = 44*g**2 + 43*g - 172. Is q(7) a multiple of 35?
False
Let a = -16 + -2. Let m(o) = o**2 + 16*o - 31. Let q be m(a). Suppose 4*w + 250 = 3*n, q*w - 61 = -n + 54. Does 7 divide n?
False
Let w = 420 - 418. Suppose 2*l + w*m - 1126 = 0, -66*m = 3*l - 70*m - 1668. Is l a multiple of 5?
True
Suppose -i - 37 + 111 = 0. Is (i/(-4))/(2/(-4)) a multiple of 2?
False
Suppose -143758 = -89*u + 259056. Is 28 a factor of u?
False
Suppose 3*b - 9 = -y, 3*y + 2*b = 1 + 5. Suppose y = -3*v + 123 + 237. Does 6 divide v?
True
Suppose -72*q + 85948 = -50*q - 306092. Is q a multiple of 15?
True
Let d(f) = -9*f**2 - 33*f - 5. Let n(r) = -4*r**2 - 17*r - 3. Let s(l) = -3*d(l) + 7*n(l). Is s(-9) a multiple of 4?
False
Let n = -377 - -404. Suppose 5*t + c = 1164, 0 = 5*c + 7 - n. Does 20 divide t?
False
Let h be (-3)/9 + (-58)/6. Let f be -1 - 52/(-5) - 